+ c. What is the remainder when h is divided by 37?
34
Let z = 21 - 15. Suppose 40 = z*s - s. Suppose -14 - 8 = -x. Calculate the remainder when x is divided by s.
6
Suppose 2*k + 15 = 4*i + 3*k, 40 = 5*i - 3*k. Suppose -p = 5*v + 10, -3*p = -v - 13 - i. Calculate the remainder when p is divided by 3.
2
Suppose 0*i = -i + 43. What is the remainder when i is divided by 2/10 + 222/15?
13
Let w(f) = -f**3 + 4*f**2 + 6*f - 2. Let b be w(4). Suppose 3*n + b = t - 2*n, 5*t = n + 14. What is the remainder when 4 is divided by t?
0
Let t(n) = 16*n - 21. Calculate the remainder when 39 is divided by t(3).
12
Suppose 3*s - 50 = s. What is the remainder when s is divided by (-1 + 2 - -9) + -1?
7
Suppose -62 = -4*p - 3*l, l + 6 = 4*l. What is the remainder when 39 is divided by p?
11
Let g = -61 - -90. Let h(l) = 31*l - 1. Let m be h(1). Suppose 0*f + 3*f = m. What is the remainder when g is divided by f?
9
Let y(p) = 3*p**2 - 13*p + 3. Let a be y(6). Let u = a + -18. What is the remainder when 27 is divided by u?
12
Suppose -2*w + 4*o = -38, -7*w + 6*w + 3*o = -15. Calculate the remainder when 106 is divided by w.
25
Let c(l) = l**2 - 13*l - 4. Let g be c(6). Let d = -33 - g. What is the remainder when d is divided by 7?
6
Let n(s) = 26*s + 1. Let v be n(2). Let q = v - 36. Let l(y) = y**2 + 4*y + 4. Calculate the remainder when l(-9) is divided by q.
15
Let y = -33 + 51. Suppose g = -g + y. What is the remainder when 26 is divided by g?
8
Let a(x) = x + 9. Let b = 12 + -28. Let p be b/56 - (-65)/7. What is the remainder when a(p) is divided by 10?
8
Let s = 3 + 0. Suppose 4*o - 16 = -2*q + 8, -s*q + 34 = 4*o. Calculate the remainder when 29 is divided by q.
9
Suppose -56 = 8*m - 144. What is the remainder when 30 is divided by m?
8
Let w(k) = 3*k + 9 - 2*k + 2*k - 4*k. Calculate the remainder when 3 is divided by w(7).
1
Let r = -1 + 4. Suppose -4*f + 43 + 1 = 0. Suppose -f - 16 = -r*v. What is the remainder when 15 is divided by v?
6
Suppose -g - 5*p = -p - 4, -3*g + 12 = 5*p. Suppose 0 = 2*w + 3*w. Suppose 5*c - 15 - 15 = w. What is the remainder when c is divided by g?
2
Suppose 5*m = 3*z - 468, -3*m - m + 4*z = 368. Let g = -54 - m. Suppose -4*a + a = -g. Calculate the remainder when 27 is divided by a.
13
Let o(y) = -9*y**2 - y. Let q be o(1). Let s be -25*(-4)/q*-1. Calculate the remainder when 272/20 + 4/s is divided by 8.
6
Let m(w) = 5*w**3 + w**2 + w - 2. Calculate the remainder when 12 is divided by m(1).
2
Calculate the remainder when 28 is divided by 16/(-64) - (-18)/8.
0
Let v = -11 + 7. Let f = 12 + -6. Calculate the remainder when f is divided by (-2 - -3)*-1*v.
2
Let o(u) = u**3 + 6*u**2 - 2*u. What is the remainder when 137 is divided by o(-5)?
32
Suppose -3*z + a = 2*a - 30, 3*z - 3*a = 18. Let c = z - 5. Suppose c*d - d - 12 = 0. Calculate the remainder when 11 is divided by d.
3
Suppose 5*x = 12 + 18. Let d = -8 + x. Let m(n) = -2*n - 1. What is the remainder when 11 is divided by m(d)?
2
Let z = -1 - -3. Let g be 22 - 1/2*z. What is the remainder when 20 is divided by g/(-6)*2/(-1)?
6
Suppose -54 = -2*g + 5*x - 0*x, 5*g - 3*x = 135. Suppose d - 17 = 5*y, -3*y - g = -d - 2*d. Calculate the remainder when d is divided by 5.
2
Suppose 15 = -j - 4. Let w be -1 - (0/3 + -2). Calculate the remainder when (j - (3 - w))/(-1) is divided by 12.
9
Let g = 112 + -69. Suppose -4*j = 20, -5*j = -3*t - 0*j + g. Calculate the remainder when 9 is divided by t.
3
Let a = 26 - 1. Let l(v) = 2*v. Let y be l(-6). Let f = -3 - y. What is the remainder when a is divided by f?
7
Suppose 4*h - 2*h = -5*v + 110, h - 110 = -5*v. Calculate the remainder when v is divided by 12.
10
Suppose 0 = 2*m, 5*i - 3*m = -4*m + 55. Calculate the remainder when i is divided by (-81)/(-12) - (-7)/28.
4
Let y(f) = f**3 - 2*f**2 + f + 2. Suppose -5*c + 10 = -0. Suppose 4*v - 4 = 2*v. What is the remainder when y(c) is divided by v?
0
Let o(v) = v**3 - 2*v**2 - 8*v - 10. Calculate the remainder when 48 is divided by o(5).
23
Let a = -5 + 9. Suppose -a*f + 80 = 5*z, 0 = 4*z - 2*f - 0*f - 90. Calculate the remainder when (5/2)/(1/z) is divided by 17.
16
Calculate the remainder when (2/6)/((-4)/(-36)) is divided by 3.
0
Let y = 58 + -11. Calculate the remainder when y is divided by 26.
21
Suppose -3*k + 2*k = -2. Let d be ((-13)/k)/((-2)/12). Let l = d - 21. What is the remainder when l is divided by 10?
8
Suppose 0 = -r + 3*r - 8. Suppose 5*d = -2*y - 21, 3*y - r*y - 3 = d. What is the remainder when 3/(9/6) + y is divided by 2?
0
Suppose -2*v + 5 = -3*v, 0 = 2*d + v - 727. Let h(y) = -3*y - 1. What is the remainder when (-4)/6 + d/9 is divided by h(-5)?
12
Suppose 0 = -3*c + 72 + 93. Suppose -81 - c = -4*m. What is the remainder when m is divided by 12?
10
Let k = 10 + -23. Let w = -6 - k. Let t(m) = m**3 + 7*m**2 + 4. What is the remainder when w is divided by t(-7)?
3
Suppose 0 = -3*j - 2*j. Suppose j - 2 = -q. Suppose -d + 14 = -2*z, -3*d + 2*z - 6*z + q = 0. Calculate the remainder when 10 is divided by d.
4
Suppose -128 = -6*k + 2*k. Calculate the remainder when k is divided by 11.
10
Let u(b) be the second derivative of -b**3/6 + 2*b**2 - 4*b. Let p(h) = -4*h + 6. Let a be p(4). Calculate the remainder when u(a) is divided by 4.
2
Let p(f) = 15*f. Let g be (-1)/4 - 30/8. What is the remainder when 519/12 + 1/g is divided by p(1)?
13
Suppose -2*f + 4 + 4 = 0. Suppose -f*p = -1 + 17. Let o = 11 - p. What is the remainder when 28 is divided by o?
13
Let c be 16/6*9/6. Suppose -2 = -3*v + 10. Let q = c + v. Calculate the remainder when 29 is divided by q.
5
Let n = 126 - 59. Let o(v) = v**3 - v**2 - v - 3. Let b be o(5). Suppose l - b = -3*l. What is the remainder when n is divided by l?
21
Let g = -10 - -6. Let z(r) = r**2 + 3*r + 6. Suppose -c + 5*c - 112 = 0. What is the remainder when c is divided by z(g)?
8
What is the remainder when 14/(-21) + 1240/15 is divided by 2 + 12 - (-2 - -2)?
12
Let s(i) = 4*i - 7. What is the remainder when s(6) is divided by 10?
7
Let x(i) = -4*i + 2. Suppose 0 = 4*q - d - 10, 5*d + 12 = -0*q + q. Suppose q*j - 10 = 18. Calculate the remainder when x(-6) is divided by j.
12
Suppose -304 = o - 5*o + 3*u, -411 = -5*o - 4*u. What is the remainder when o is divided by 23?
10
Suppose 11 - 30 = -i. Let z(v) = -54*v + 1. Calculate the remainder when z(-1) is divided by i.
17
Suppose 4*g - 20 - 36 = 0. Suppose 2*k + 114 = 2*z + 34, -44 = -z - 3*k. What is the remainder when z is divided by g?
13
Suppose -5*p = -2*p + 4*i + 7, 2*i = -8. What is the remainder when 3 is divided by p?
0
Suppose -3 = -3*n - 0. Suppose 0 = -p - 2*c + 13, -2*c + 5 = -3*p + 4. What is the remainder when p is divided by n?
0
Let q = -28 - -54. Let o = q + -16. Calculate the remainder when 17 is divided by o.
7
Let h be (6/4)/(5/10). Suppose 0 = -h*z + z. Suppose -25 = -g - z*p + 3*p, 0 = p + 5. What is the remainder when g is divided by 4?
2
Let q = 89 - 36. What is the remainder when q is divided by 19?
15
Suppose a - 4*a = -5*t - 199, 0 = a - t - 65. What is the remainder when a is divided by 16?
15
Let w = -3 - 1. Let v(k) = 7*k + 1. Let u be v(w). Let i = u + 50. What is the remainder when i is divided by 12?
11
Let w(c) = c + 4. Let d be w(0). Suppose 12 = d*j, -4*j - 60 = -3*a - a. Calculate the remainder when a is divided by 10.
8
Suppose -2*k + 30 = y, -2*y = -k - 2*k - 67. Calculate the remainder when y is divided by 11.
10
Let r = -1 - -1. Let t = 0 - r. Calculate the remainder when 10 is divided by (-1)/((-1)/6) - t.
4
Let p = -8 + 7. What is the remainder when 45 is divided by (2/3)/(p/(-18))?
9
Let k(u) = u**2 - 22*u + 39. What is the remainder when 52 is divided by k(21)?
16
Suppose 5*c = -2*v + 42, 2*c - 113 = -3*v + 7*c. Calculate the remainder when 92 is divided by v.
30
Suppose 3*v + 5 = -4*u, 4*u - 8 = 2*v + 2. Calculate the remainder when 2 is divided by u.
0
Suppose -78 = 3*x - 6*x. Calculate the remainder when 76 is divided by x.
24
Let a = -42 + 79. Let j(x) = -8*x + 4. Let m be j(-7). Suppose 3*s - s = -5*z + 31, -5*z - m = -5*s. Calculate the remainder when a is divided by s.
11
Let j(g) be the second derivative of -g**5/20 - 5*g**4/6 + 4*g**3/3 + 9*g**2/2 - 5*g. What is the remainder when j(-11) is divided by 15?
12
Let s be 14/(-10) - (-6)/15.